
What is the ten thousands digit of 3447160?
4
What is the ten thousands digit of 7148004?
4
What is the tens digit of 2046112?
1
What is the ten thousands digit of 251524?
5
What is the thousands digit of 2748630?
8
What is the tens digit of 372886?
8
What is the units digit of 615927?
7
What is the hundreds digit of 148349?
3
What is the tens digit of 2502621?
2
What is the millions digit of 14966792?
4
What is the tens digit of 225329?
2
What is the hundred thousands digit of 9286180?
2
What is the millions digit of 4054162?
4
What is the units digit of 8614964?
4
What is the tens digit of 1514410?
1
What is the thousands digit of 10922186?
2
What is the thousands digit of 2128308?
8
What is the units digit of 3455452?
2
What is the ten thousands digit of 5486623?
8
What is the thousands digit of 669350?
9
What is the thousands digit of 1087025?
7
What is the hundreds digit of 901440?
4
What is the ten thousands digit of 46092?
4
What is the hundred thousands digit of 11340833?
3
What is the ten thousands digit of 468010?
6
What is the tens digit of 1599126?
2
What is the tens digit of 2588751?
5
What is the hundred thousands digit of 1149951?
1
What is the hundred thousands digit of 395522?
3
What is the tens digit of 235463?
6
What is the tens digit of 4268106?
0
What is the hundred thousands digit of 13362233?
3
What is the thousands digit of 1095511?
5
What is the units digit of 75113?
3
What is the ten thousands digit of 1054656?
5
What is the tens digit of 88973?
7
What is the hundreds digit of 5513433?
4
What is the millions digit of 1945722?
1
What is the hundreds digit of 5504083?
0
What is the hundred thousands digit of 2744192?
7
What is the hundreds digit of 7822124?
1
What is the units digit of 106197?
7
What is the ten thousands digit of 484435?
8
What is the thousands digit of 51911?
1
What is the ten thousands digit of 10108534?
0
What is the hundreds digit of 747515?
5
What is the thousands digit of 256827?
6
What is the hundreds digit of 245419?
4
What is the tens digit of 12521812?
1
What is the tens digit of 3067948?
4
What is the tens digit of 7518441?
4
What is the hundreds digit of 5970223?
2
What is the thousands digit of 328086?
8
What is the units digit of 5220419?
9
What is the tens digit of 3476612?
1
What is the hundreds digit of 811523?
5
What is the hundreds digit of 1894661?
6
What is the millions digit of 7986991?
7
What is the ten thousands digit of 1311219?
1
What is the units digit of 17104656?
6
What is the thousands digit of 901619?
1
What is the thousands digit of 695156?
5
What is the hundred thousands digit of 2976002?
9
What is the thousands digit of 106208?
6
What is the tens digit of 19395901?
0
What is the hundred thousands digit of 309808?
3
What is the thousands digit of 1512366?
2
What is the tens digit of 1414970?
7
What is the hundreds digit of 10293372?
3
What is the hundred thousands digit of 171424?
1
What is the hundred thousands digit of 320534?
3
What is the thousands digit of 165932?
5
What is the thousands digit of 43214?
3
What is the ten thousands digit of 485857?
8
What is the hundred thousands digit of 597756?
5
What is the ten thousands digit of 205971?
0
What is the tens digit of 1393407?
0
What is the ten thousands digit of 4245876?
4
What is the thousands digit of 27871?
7
What is the hundreds digit of 1966224?
2
What is the hundred thousands digit of 754158?
7
What is the thousands digit of 1347787?
7
What is the ten millions digit of 20184949?
2
What is the tens digit of 11294979?
7
What is the hundreds digit of 81188?
1
What is the hundreds digit of 224209?
2
What is the ten millions digit of 26238622?
2
What is the units digit of 14225435?
5
What is the hundreds digit of 411644?
6
What is the thousands digit of 170346?
0
What is the units digit of 287603?
3
What is the thousands digit of 134372?
4
What is the hundred thousands digit of 423670?
4
What is the hundreds digit of 94340?
3
What is the thousands digit of 8533163?
3
What is the thousands digit of 350082?
0
What is the tens digit of 462984?
8
What is the hundreds digit of 645150?
1
What is the hundred thousands digit of 683942?
6
What is the thousands digit of 9915797?
5
What is the hundred thousands digit of 834547?
8
What is the thousands digit of 4404661?
4
What is the millions digit of 8134587?
8
What is the units digit of 1130044?
4
What is the hundred thousands digit of 174160?
1
What is the tens digit of 20153?
5
What is the hundreds digit of 445837?
8
What is the hundred thousands digit of 1756020?
7
What is the thousands digit of 41436?
1
What is the thousands digit of 1042944?
2
What is the ten thousands digit of 2335391?
3
What is the tens digit of 135653?
5
What is the hundreds digit of 919377?
3
What is the hundred thousands digit of 158268?
1
What is the thousands digit of 5541888?
1
What is the thousands digit of 1632950?
2
What is the units digit of 31746971?
1
What is the tens digit of 2803158?
5
What is the millions digit of 6097739?
6
What is the thousands digit of 1678146?
8
What is the ten thousands digit of 1997781?
9
What is the hundreds digit of 116432?
4
What is the hundred thousands digit of 111807?
1
What is the millions digit of 4484317?
4
What is the thousands digit of 3886604?
6
What is the hundreds digit of 20384534?
5
What is the units digit of 12566088?
8
What is the thousands digit of 22132518?
2
What is the ten thousands digit of 206994?
0
What is the hundred thousands digit of 1451034?
4
What is the tens digit of 18599748?
4
What is the ten thousands digit of 14365904?
6
What is the tens digit of 223771?
7
What is the units digit of 1212191?
1
What is the hundred thousands digit of 4940764?
9
What is the thousands digit of 92842?
2
What is the tens digit of 553672?
7
What is the millions digit of 7220356?
7
What is the ten thousands digit of 1932487?
3
What is the hundred thousands digit of 718989?
7
What is the units digit of 128270?
0
What is the hundred thousands digit of 2012841?
0
What is the millions digit of 8843334?
8
What is the hundreds digit of 17284475?
4
What is the units digit of 882432?
2
What is the hundred thousands digit of 1950590?
9
What is the tens digit of 749104?
0
What is the millions digit of 9604953?
9
What is the hundred thousands digit of 14971617?
9
What is the hundred thousands digit of 147510?
1
What is the hundreds digit of 227569?
5
What is the tens digit of 2551383?
8
What is the hundreds digit of 377697?
6
What is the thousands digit of 210364?
0
What is the hundred thousands digit of 517930?
5
What is the thousands digit of 42206275?
6
What is the thousands digit of 1133714?
3
What is the units digit of 3189943?
3
What is the hundreds digit of 202728?
7
What is the millions digit of 1793161?
1
What is the units digit of 470569?
9
What is the units digit of 1814415?
5
What is the units digit of 159615?
5
What is the units digit of 620797?
7
What is the ten thousands digit of 179376?
7
What is the units digit of 19458457?
7
What is the tens digit of 410499?
9
What is the thousands digit of 75776?
5
What is the thousands digit of 320669?
0
What is the hundred thousands digit of 22297710?
2
What is the units digit of 6337303?
3
What is the thousands digit of 133430?
3
What is the thousands digit of 76166?
6
What is the hundred thousands digit of 5772116?
7
What is the tens digit of 287879?
7
What is the thousands digit of 386215?
6
What is the hundred thousands digit of 23192049?
1
What is the ten thousands digit of 4482886?
8
What is the units digit of 4760322?
2
What is the hundred thousands digit of 179442?
1
What is the hundred thousands digit of 8783025?
7
What is the tens digit of 1245272?
7
What is the millions digit of 6014578?
6
What is the tens digit of 367932?
3
What is the millions digit of 18743652?
8
What is the ten thousands digit of 109890?
0
What is the units digit of 45230?
0
What is the units digit of 134700?
0
What is the ten thousands digit of 479722?
7
What is the millions digit of 15618092?
5
What is the hundreds digit of 138982?
9
What is the ten thousands digit of 9048953?
4
What is the hundreds digit of 22474718?
7
What is the hundreds digit of 1490102?
1
What is the units digit of 526164?
4
What is the hundred thous